{"id":150,"date":"2016-06-30T01:04:02","date_gmt":"2016-06-29T22:04:02","guid":{"rendered":"http:\/\/porgupohja.ee\/?page_id=150"},"modified":"2016-06-30T01:27:38","modified_gmt":"2016-06-29T22:27:38","slug":"porgupohja-retk-2016-ajakava","status":"publish","type":"page","link":"https:\/\/porgupohja.ee\/index.php\/porgupohja-retk-2016-ajakava\/","title":{"rendered":"P\u00f5rgup\u00f5hja Retk 2016 ajakava"},"content":{"rendered":"<p>seisuga 30. juuni 2016<br \/>\najakava on t\u00e4iendamisel<\/p>\n<p>K 6.juuli \u00f5htust on avatud baaslaager Eidaperes 35VLF81200 13200 ehk 812 132 <a href=\"https:\/\/www.google.ee\/maps\/place\/58.742425, 24.946480\">kaart<\/a><\/p>\n<p>N 7.juuli Kivi-Vigala\u00a0P\u00f5hikooli ees parklas 35VLF47200 11000 ehk 472 110\u00a0<a href=\"https:\/\/www.google.ee\/maps\/place\/58.712450, 24.361650\">kaart<\/a><\/p>\n<ul>\n<li>05:15-06:00 Mandaat Kivi-Vigala\u00a0P\u00f5hikooli ees parklas<\/li>\n<li>05:30-06:30 Hommikus\u00f6\u00f6k v\u00f5istlejatele samas<\/li>\n<li>06:00- Esindajate koosolek ja v\u00f5istluse avamine<\/li>\n<li>06:30- v\u00f5istkondade formeerimine<\/li>\n<li>07:00- esimene v\u00f5istkond stardib trassile<\/li>\n<\/ul>\n<p>Avalik punkt on R 08. juuli kella 0800-1000<\/p>\n<p>L 9.juuli Eidapere baaslaagris 35VLF81200 13200 ehk 812 132 <a href=\"https:\/\/www.google.ee\/maps\/place\/58.742425, 24.946480\">kaart<\/a><\/p>\n<ul>\n<li>Orienteeruvalt kell 16 l\u00f5petab esimene v\u00f5istkond<\/li>\n<li>19:00 autasustamine<\/li>\n<\/ul>\n<p>&nbsp;<\/p>\n","protected":false},"excerpt":{"rendered":"<p>seisuga 30. juuni 2016 ajakava on t\u00e4iendamisel K 6.juuli \u00f5htust on avatud baaslaager Eidaperes 35VLF81200 13200 ehk 812 132 kaart N 7.juuli Kivi-Vigala\u00a0P\u00f5hikooli ees parklas 35VLF47200 11000 ehk 472 110\u00a0kaart 05:15-06:00 Mandaat Kivi-Vigala\u00a0P\u00f5hikooli ees parklas 05:30-06:30 Hommikus\u00f6\u00f6k v\u00f5istlejatele samas 06:00- &hellip; <a href=\"https:\/\/porgupohja.ee\/index.php\/porgupohja-retk-2016-ajakava\/\">Continue reading <span class=\"meta-nav\">&rarr;<\/span><\/a><\/p>\n","protected":false},"author":2,"featured_media":0,"parent":0,"menu_order":0,"comment_status":"closed","ping_status":"closed","template":"","meta":{"footnotes":""},"class_list":["post-150","page","type-page","status-publish","hentry"],"_links":{"self":[{"href":"https:\/\/porgupohja.ee\/index.php\/wp-json\/wp\/v2\/pages\/150","targetHints":{"allow":["GET"]}}],"collection":[{"href":"https:\/\/porgupohja.ee\/index.php\/wp-json\/wp\/v2\/pages"}],"about":[{"href":"https:\/\/porgupohja.ee\/index.php\/wp-json\/wp\/v2\/types\/page"}],"author":[{"embeddable":true,"href":"https:\/\/porgupohja.ee\/index.php\/wp-json\/wp\/v2\/users\/2"}],"replies":[{"embeddable":true,"href":"https:\/\/porgupohja.ee\/index.php\/wp-json\/wp\/v2\/comments?post=150"}],"version-history":[{"count":6,"href":"https:\/\/porgupohja.ee\/index.php\/wp-json\/wp\/v2\/pages\/150\/revisions"}],"predecessor-version":[{"id":158,"href":"https:\/\/porgupohja.ee\/index.php\/wp-json\/wp\/v2\/pages\/150\/revisions\/158"}],"wp:attachment":[{"href":"https:\/\/porgupohja.ee\/index.php\/wp-json\/wp\/v2\/media?parent=150"}],"curies":[{"name":"wp","href":"https:\/\/api.w.org\/{rel}","templated":true}]}}